{"id":24723,"date":"2023-06-16T11:27:49","date_gmt":"2023-06-16T09:27:49","guid":{"rendered":"https:\/\/aquatic.pl\/?page_id=24723"},"modified":"2023-09-14T19:57:41","modified_gmt":"2023-09-14T17:57:41","slug":"sauny-i-laznie","status":"publish","type":"page","link":"https:\/\/aquatic.pl\/index.php\/sauny-i-laznie\/","title":{"rendered":"Sauny i \u0142a\u017anie"},"content":{"rendered":"<section class=\"wpb-content-wrapper\"><p>[vc_row ken_burns_transition_speed=&#8221;15000&#8243; ken_burns_enabled=&#8221;true&#8221; css=&#8221;.vc_custom_1693910116003{margin-top: -100px !important;margin-bottom: -100px !important;}&#8221;][vc_column]<div id=\"fullwidth-block-69e04f821c0a6\" class=\"fullwidth-block clearfix\"  style=\"background-color: #ffffff;\"><script type=\"text\/javascript\">if (typeof(gem_fix_fullwidth_position) == \"function\") { gem_fix_fullwidth_position(document.getElementById(\"fullwidth-block-69e04f821c0a6\")); }<\/script><div class=\"fullwidth-block-inner\"><\/div><\/div>[\/vc_column][\/vc_row][vc_row][vc_column][\/vc_column][\/vc_row][vc_row css=&#8221;.vc_custom_1694714259295{margin-top: 90px !important;}&#8221;][vc_column width=&#8221;1\/4&#8243;]<div id=\"style-f412db6\" data-style-uid=\"f412db6\" class=\"blog blog-style-compact-tiny-3 clearfix item-animation-disabled pagination-disable\" data-next-page=\"2\" data-pages-count=\"2\"> <article id=\"post-24945\" class=\"with-separator clearfix post-24945 page type-page status-publish has-post-thumbnail\" style=\"margin-bottom:px;\"> <div class=\"wrap\"> <a href=\"https:\/\/aquatic.pl\/index.php\/sauna-bio\/\" rel=\"bookmark\" class=\"over-link\"><\/a> <div class=\"post-image gem-compact-tiny-item-image\" style=\"height:650px;height:650px;\"> <img decoding=\"async\" width=\"900\" height=\"540\" src=\"https:\/\/aquatic.pl\/wp-content\/uploads\/2023\/07\/Projekt-bez-nazwy-86-thegem-blog-default-large.png\" class=\"img-responsive wp-post-image\" alt=\"Projekt bez nazwy (86)\" \/> <\/div> <div class=\"gem-compact-caption\"> <div class=\"gem-compact-item-content\"> <div class=\"gem-news-item-title title-h3\"><a class=\"reverse-link-color \" href=\"https:\/\/aquatic.pl\/index.php\/sauna-bio\/\" rel=\"bookmark\" style=\"\">Sauna bio, infrared i fi\u0144ska<\/a><\/div> <\/div> <\/div> <\/div> <\/article><!-- #post-24945 --> <\/div>[\/vc_column][vc_column width=&#8221;1\/4&#8243;]<div id=\"style-bf8751a\" data-style-uid=\"bf8751a\" class=\"blog blog-style-compact-tiny-3 clearfix item-animation-disabled pagination-disable\" data-next-page=\"0\" data-pages-count=\"1\"> <article id=\"post-24944\" class=\"with-separator clearfix post-24944 page type-page status-publish has-post-thumbnail\" style=\"margin-bottom:px;\"> <div class=\"wrap\"> <a href=\"https:\/\/aquatic.pl\/index.php\/parowe-i-blotne\/\" rel=\"bookmark\" class=\"over-link\"><\/a> <div class=\"post-image gem-compact-tiny-item-image\" style=\"height:650px;height:650px;\"> <img decoding=\"async\" width=\"1100\" height=\"540\" src=\"https:\/\/aquatic.pl\/wp-content\/uploads\/2023\/07\/Projekt-bez-nazwy-36-thegem-blog-default-large.png\" class=\"img-responsive wp-post-image\" alt=\"Projekt bez nazwy (36)\" \/> <\/div> <div class=\"gem-compact-caption\"> <div class=\"gem-compact-item-content\"> <div class=\"gem-news-item-title title-h3\"><a class=\"reverse-link-color \" href=\"https:\/\/aquatic.pl\/index.php\/parowe-i-blotne\/\" rel=\"bookmark\" style=\"\">\u0141a\u017ania parowa, b\u0142otna i Hammam<\/a><\/div> <\/div> <\/div> <\/div> <\/article><!-- #post-24944 --> <\/div>[\/vc_column][vc_column width=&#8221;1\/4&#8243;]<div id=\"style-282de26\" data-style-uid=\"282de26\" class=\"blog blog-style-compact-tiny-3 clearfix item-animation-disabled pagination-disable\" data-next-page=\"0\" data-pages-count=\"1\"> <article id=\"post-24790\" class=\"with-separator clearfix post-24790 page type-page status-publish has-post-thumbnail\" style=\"margin-bottom:px;\"> <div class=\"wrap\"> <a href=\"https:\/\/aquatic.pl\/index.php\/groty-solne\/\" rel=\"bookmark\" class=\"over-link\"><\/a> <div class=\"post-image gem-compact-tiny-item-image\" style=\"height:650px;height:650px;\"> <img decoding=\"async\" width=\"500\" height=\"540\" src=\"https:\/\/aquatic.pl\/wp-content\/uploads\/2023\/07\/Projekt-bez-nazwy-78-thegem-blog-default-large.png\" class=\"img-responsive wp-post-image\" alt=\"Projekt bez nazwy (78)\" \/> <\/div> <div class=\"gem-compact-caption\"> <div class=\"gem-compact-item-content\"> <div class=\"gem-news-item-title title-h3\"><a class=\"reverse-link-color \" href=\"https:\/\/aquatic.pl\/index.php\/groty-solne\/\" rel=\"bookmark\" style=\"\">Groty solne i \u015bnie\u017cne<\/a><\/div> <\/div> <\/div> <\/div> <\/article><!-- #post-24790 --> <\/div>[\/vc_column][vc_column width=&#8221;1\/4&#8243;]<div id=\"style-2bec4b7\" data-style-uid=\"2bec4b7\" class=\"blog blog-style-compact-tiny-3 clearfix item-animation-disabled pagination-disable\" data-next-page=\"0\" data-pages-count=\"1\"> <article id=\"post-24799\" class=\"with-separator clearfix post-24799 page type-page status-publish has-post-thumbnail\" style=\"margin-bottom:px;\"> <div class=\"wrap\"> <a href=\"https:\/\/aquatic.pl\/index.php\/natrysk-wrazen\/\" rel=\"bookmark\" class=\"over-link\"><\/a> <div class=\"post-image gem-compact-tiny-item-image\" style=\"height:650px;height:650px;\"> <img decoding=\"async\" width=\"1170\" height=\"540\" src=\"https:\/\/aquatic.pl\/wp-content\/uploads\/2020\/04\/Bez-tytulu-1000\u00d7400-px-1000\u00d7500-px-12-thegem-blog-default-large.png\" class=\"img-responsive wp-post-image\" alt=\"Bez tytu\u0142u (1000\u00d7400 px) (1000\u00d7500 px) (12)\" \/> <\/div> <div class=\"gem-compact-caption\"> <div class=\"gem-compact-item-content\"> <div class=\"gem-news-item-title title-h3\"><a class=\"reverse-link-color \" href=\"https:\/\/aquatic.pl\/index.php\/natrysk-wrazen\/\" rel=\"bookmark\" style=\"\">Natrysk wra\u017ce\u0144<\/a><\/div> <\/div> <\/div> <\/div> <\/article><!-- #post-24799 --> <\/div>[\/vc_column][\/vc_row]<\/p>\n<\/section>","protected":false},"excerpt":{"rendered":"<p>[vc_row ken_burns_transition_speed=&#8221;15000&#8243; ken_burns_enabled=&#8221;true&#8221; css=&#8221;.vc_custom_1693910116003{margin-top: -100px !important;margin-bottom: -100px !important;}&#8221;][vc_column][\/vc_column][\/vc_row][vc_row][vc_column][\/vc_column][\/vc_row][vc_row css=&#8221;.vc_custom_1694714259295{margin-top: 90px !important;}&#8221;][vc_column width=&#8221;1\/4&#8243;][\/vc_column][vc_column width=&#8221;1\/4&#8243;][\/vc_column][vc_column width=&#8221;1\/4&#8243;][\/vc_column][vc_column width=&#8221;1\/4&#8243;][\/vc_column][\/vc_row]<\/p>\n","protected":false},"author":5,"featured_media":26005,"parent":0,"menu_order":0,"comment_status":"closed","ping_status":"closed","template":"","meta":{"footnotes":""},"class_list":["post-24723","page","type-page","status-publish","has-post-thumbnail"],"yoast_head":"<!-- This site is optimized with the Yoast SEO plugin v21.2 - https:\/\/yoast.com\/wordpress\/plugins\/seo\/ -->\n<title>Sauny i \u0142a\u017anie - Przyk\u0142adowa strona<\/title>\n<meta name=\"robots\" content=\"index, follow, max-snippet:-1, max-image-preview:large, max-video-preview:-1\" \/>\n<link rel=\"canonical\" href=\"https:\/\/aquatic.pl\/index.php\/sauny-i-laznie\/\" \/>\n<meta property=\"og:locale\" content=\"pl_PL\" \/>\n<meta property=\"og:type\" content=\"article\" \/>\n<meta property=\"og:title\" content=\"Sauny i \u0142a\u017anie - Przyk\u0142adowa strona\" \/>\n<meta property=\"og:description\" content=\"[vc_row ken_burns_transition_speed=&#8221;15000&#8243; ken_burns_enabled=&#8221;true&#8221; css=&#8221;.vc_custom_1693910116003{margin-top: -100px !important;margin-bottom: -100px !important;}&#8221;][vc_column][\/vc_column][\/vc_row][vc_row][vc_column][\/vc_column][\/vc_row][vc_row css=&#8221;.vc_custom_1694714259295{margin-top: 90px !important;}&#8221;][vc_column width=&#8221;1\/4&#8243;][\/vc_column][vc_column width=&#8221;1\/4&#8243;][\/vc_column][vc_column width=&#8221;1\/4&#8243;][\/vc_column][vc_column width=&#8221;1\/4&#8243;][\/vc_column][\/vc_row]\" \/>\n<meta property=\"og:url\" content=\"https:\/\/aquatic.pl\/index.php\/sauny-i-laznie\/\" \/>\n<meta property=\"og:site_name\" content=\"Przyk\u0142adowa strona\" \/>\n<meta property=\"article:modified_time\" content=\"2023-09-14T17:57:41+00:00\" \/>\n<meta property=\"og:image\" content=\"https:\/\/aquatic.pl\/wp-content\/uploads\/2023\/07\/Projekt-bez-nazwy-39.png\" \/>\n\t<meta property=\"og:image:width\" content=\"1100\" \/>\n\t<meta property=\"og:image:height\" content=\"825\" \/>\n\t<meta property=\"og:image:type\" content=\"image\/png\" \/>\n<meta name=\"twitter:card\" content=\"summary_large_image\" \/>\n<meta name=\"twitter:label1\" content=\"Szacowany czas czytania\" \/>\n\t<meta name=\"twitter:data1\" content=\"1 minuta\" \/>\n<script type=\"application\/ld+json\" class=\"yoast-schema-graph\">{\"@context\":\"https:\/\/schema.org\",\"@graph\":[{\"@type\":\"WebPage\",\"@id\":\"https:\/\/aquatic.pl\/index.php\/sauny-i-laznie\/\",\"url\":\"https:\/\/aquatic.pl\/index.php\/sauny-i-laznie\/\",\"name\":\"Sauny i \u0142a\u017anie - Przyk\u0142adowa strona\",\"isPartOf\":{\"@id\":\"https:\/\/aquatic.pl\/#website\"},\"datePublished\":\"2023-06-16T09:27:49+00:00\",\"dateModified\":\"2023-09-14T17:57:41+00:00\",\"breadcrumb\":{\"@id\":\"https:\/\/aquatic.pl\/index.php\/sauny-i-laznie\/#breadcrumb\"},\"inLanguage\":\"pl-PL\",\"potentialAction\":[{\"@type\":\"ReadAction\",\"target\":[\"https:\/\/aquatic.pl\/index.php\/sauny-i-laznie\/\"]}]},{\"@type\":\"BreadcrumbList\",\"@id\":\"https:\/\/aquatic.pl\/index.php\/sauny-i-laznie\/#breadcrumb\",\"itemListElement\":[{\"@type\":\"ListItem\",\"position\":1,\"name\":\"Strona g\u0142\u00f3wna\",\"item\":\"https:\/\/aquatic.pl\/\"},{\"@type\":\"ListItem\",\"position\":2,\"name\":\"Sauny i \u0142a\u017anie\"}]},{\"@type\":\"WebSite\",\"@id\":\"https:\/\/aquatic.pl\/#website\",\"url\":\"https:\/\/aquatic.pl\/\",\"name\":\"Przyk\u0142adowa strona\",\"description\":\"Kolejna witryna oparta na WordPressie\",\"potentialAction\":[{\"@type\":\"SearchAction\",\"target\":{\"@type\":\"EntryPoint\",\"urlTemplate\":\"https:\/\/aquatic.pl\/?s={search_term_string}\"},\"query-input\":\"required name=search_term_string\"}],\"inLanguage\":\"pl-PL\"}]}<\/script>\n<!-- \/ Yoast SEO plugin. -->","yoast_head_json":{"title":"Sauny i \u0142a\u017anie - Przyk\u0142adowa strona","robots":{"index":"index","follow":"follow","max-snippet":"max-snippet:-1","max-image-preview":"max-image-preview:large","max-video-preview":"max-video-preview:-1"},"canonical":"https:\/\/aquatic.pl\/index.php\/sauny-i-laznie\/","og_locale":"pl_PL","og_type":"article","og_title":"Sauny i \u0142a\u017anie - Przyk\u0142adowa strona","og_description":"[vc_row ken_burns_transition_speed=&#8221;15000&#8243; ken_burns_enabled=&#8221;true&#8221; css=&#8221;.vc_custom_1693910116003{margin-top: -100px !important;margin-bottom: -100px !important;}&#8221;][vc_column][\/vc_column][\/vc_row][vc_row][vc_column][\/vc_column][\/vc_row][vc_row css=&#8221;.vc_custom_1694714259295{margin-top: 90px !important;}&#8221;][vc_column width=&#8221;1\/4&#8243;][\/vc_column][vc_column width=&#8221;1\/4&#8243;][\/vc_column][vc_column width=&#8221;1\/4&#8243;][\/vc_column][vc_column width=&#8221;1\/4&#8243;][\/vc_column][\/vc_row]","og_url":"https:\/\/aquatic.pl\/index.php\/sauny-i-laznie\/","og_site_name":"Przyk\u0142adowa strona","article_modified_time":"2023-09-14T17:57:41+00:00","og_image":[{"width":1100,"height":825,"url":"https:\/\/aquatic.pl\/wp-content\/uploads\/2023\/07\/Projekt-bez-nazwy-39.png","type":"image\/png"}],"twitter_card":"summary_large_image","twitter_misc":{"Szacowany czas czytania":"1 minuta"},"schema":{"@context":"https:\/\/schema.org","@graph":[{"@type":"WebPage","@id":"https:\/\/aquatic.pl\/index.php\/sauny-i-laznie\/","url":"https:\/\/aquatic.pl\/index.php\/sauny-i-laznie\/","name":"Sauny i \u0142a\u017anie - Przyk\u0142adowa strona","isPartOf":{"@id":"https:\/\/aquatic.pl\/#website"},"datePublished":"2023-06-16T09:27:49+00:00","dateModified":"2023-09-14T17:57:41+00:00","breadcrumb":{"@id":"https:\/\/aquatic.pl\/index.php\/sauny-i-laznie\/#breadcrumb"},"inLanguage":"pl-PL","potentialAction":[{"@type":"ReadAction","target":["https:\/\/aquatic.pl\/index.php\/sauny-i-laznie\/"]}]},{"@type":"BreadcrumbList","@id":"https:\/\/aquatic.pl\/index.php\/sauny-i-laznie\/#breadcrumb","itemListElement":[{"@type":"ListItem","position":1,"name":"Strona g\u0142\u00f3wna","item":"https:\/\/aquatic.pl\/"},{"@type":"ListItem","position":2,"name":"Sauny i \u0142a\u017anie"}]},{"@type":"WebSite","@id":"https:\/\/aquatic.pl\/#website","url":"https:\/\/aquatic.pl\/","name":"Przyk\u0142adowa strona","description":"Kolejna witryna oparta na WordPressie","potentialAction":[{"@type":"SearchAction","target":{"@type":"EntryPoint","urlTemplate":"https:\/\/aquatic.pl\/?s={search_term_string}"},"query-input":"required name=search_term_string"}],"inLanguage":"pl-PL"}]}},"_links":{"self":[{"href":"https:\/\/aquatic.pl\/index.php\/wp-json\/wp\/v2\/pages\/24723","targetHints":{"allow":["GET"]}}],"collection":[{"href":"https:\/\/aquatic.pl\/index.php\/wp-json\/wp\/v2\/pages"}],"about":[{"href":"https:\/\/aquatic.pl\/index.php\/wp-json\/wp\/v2\/types\/page"}],"author":[{"embeddable":true,"href":"https:\/\/aquatic.pl\/index.php\/wp-json\/wp\/v2\/users\/5"}],"replies":[{"embeddable":true,"href":"https:\/\/aquatic.pl\/index.php\/wp-json\/wp\/v2\/comments?post=24723"}],"version-history":[{"count":74,"href":"https:\/\/aquatic.pl\/index.php\/wp-json\/wp\/v2\/pages\/24723\/revisions"}],"predecessor-version":[{"id":26498,"href":"https:\/\/aquatic.pl\/index.php\/wp-json\/wp\/v2\/pages\/24723\/revisions\/26498"}],"wp:featuredmedia":[{"embeddable":true,"href":"https:\/\/aquatic.pl\/index.php\/wp-json\/wp\/v2\/media\/26005"}],"wp:attachment":[{"href":"https:\/\/aquatic.pl\/index.php\/wp-json\/wp\/v2\/media?parent=24723"}],"curies":[{"name":"wp","href":"https:\/\/api.w.org\/{rel}","templated":true}]}}