{"id":24771,"date":"2018-11-05T10:39:19","date_gmt":"2018-11-05T09:39:19","guid":{"rendered":"http:\/\/democontent.codex-themes.com\/sites\/sparta-interior\/our-works-2\/"},"modified":"2023-10-05T10:07:27","modified_gmt":"2023-10-05T08:07:27","slug":"minibaseny-swimspa","status":"publish","type":"page","link":"https:\/\/aquatic.pl\/index.php\/minibaseny-swimspa\/","title":{"rendered":"Mini Baseny SwimSPA"},"content":{"rendered":"<section class=\"wpb-content-wrapper\"><p>[vc_row css=&#8221;.vc_custom_1694616881730{margin-top: -100px !important;}&#8221;][vc_column][vc_text_separator title_level=&#8221;h3&#8243; title=&#8221;Rado\u015b\u0107 z p\u0142ywania przy ograniczonej przestrzeni&#8221; css_animation=&#8221;fadeInUp&#8221;][\/vc_column][\/vc_row][vc_row full_width=&#8221;stretch_row_content&#8221; equal_height=&#8221;yes&#8221; content_placement=&#8221;middle&#8221; thegem_revesrse_columns_mobile=&#8221;true&#8221; css=&#8221;.vc_custom_1694705197131{margin-bottom: 0px !important;}&#8221; mobile_margin_top=&#8221;-20&#8243;][vc_column disable_custom_paddings_tablet=&#8221;true&#8221; disable_custom_paddings_mobile=&#8221;true&#8221; css=&#8221;.vc_custom_1585061688472{padding-right: 60px !important;padding-left: 60px !important;}&#8221; offset=&#8221;vc_col-lg-6 vc_col-md-6&#8243;]<div class=\"clearboth\"><\/div><style>#thegem-divider-69e25fc39d8eb {margin-top: 80px !important;}@media screen and (max-width: 767px) {#thegem-divider-69e25fc39d8eb {margin-top: 30px !important;}}<\/style><div id=\"thegem-divider-69e25fc39d8eb\" class=\"gem-divider  \" style=\"\" ><\/div>[vc_column_text css_animation=&#8221;bottom-to-top&#8221;]<\/p>\n<div class=\"title-h6\">\n<p><strong>Minibaseny SWIM SPA<\/strong>\u00a0to przede wszystkim p\u0142ywanie \u2013 intensywne b\u0105d\u017a spokojne, przy ograniczonej powierzchni basenu, ale r\u00f3wnie\u017c mo\u017cliwo\u015b\u0107 wykonywania \u0107wicze\u0144 fizycznych, wodny aerobik, przyjemny hydromasa\u017c czy wsp\u00f3lny wodny relaks w gronie rodziny czy przyjaci\u00f3\u0142.<\/p>\n<p>Bie\u017cnia p\u0142ywacka SWIM-SPA, okre\u015blana r\u00f3wnie\u017c mianem basenu ze sztucznym nurtem, to unikalna kombinacja tradycyjnych\u00a0<strong>wanien SPA<\/strong>\u00a0i basen\u00f3w p\u0142ywackich. Urz\u0105dzenie wyposa\u017cone jest w specjalny uk\u0142ad dysz, kt\u00f3re tworz\u0105 silny przeciwpr\u0105d, umo\u017cliwiaj\u0105cy p\u0142ywanie w miejscu.<\/p>\n<\/div>\n<p>[\/vc_column_text]<div class=\"clearboth\"><\/div><style>#thegem-divider-69e25fc39d94b {margin-top: 80px !important;}@media screen and (max-width: 767px) {#thegem-divider-69e25fc39d94b {margin-top: 30px !important;}}<\/style><div id=\"thegem-divider-69e25fc39d94b\" class=\"gem-divider  \" style=\"\" ><\/div>[\/vc_column][vc_column css=&#8221;.vc_custom_1694717770470{background-image: url(https:\/\/aquatic.pl\/wp-content\/uploads\/2020\/04\/Projekt-bez-nazwy-2023-09-11T125106.016.png?id=26228) !important;background-position: center !important;background-repeat: no-repeat !important;background-size: cover !important;}&#8221; offset=&#8221;vc_col-lg-6 vc_col-md-6&#8243; mobile_padding_top=&#8221;150&#8243; mobile_padding_bottom=&#8221;100&#8243;][\/vc_column][\/vc_row][vc_row full_width=&#8221;stretch_row_content&#8221; equal_height=&#8221;yes&#8221; content_placement=&#8221;middle&#8221; css=&#8221;.vc_custom_1586774684361{margin-bottom: 0px !important;}&#8221;][vc_column css=&#8221;.vc_custom_1694717750662{background-image: url(https:\/\/aquatic.pl\/wp-content\/uploads\/2020\/04\/Projekt-bez-nazwy-2023-09-11T125323.131.png?id=26230) !important;background-position: center !important;background-repeat: no-repeat !important;background-size: cover !important;}&#8221; offset=&#8221;vc_col-lg-6 vc_col-md-6&#8243; mobile_padding_bottom=&#8221;100&#8243; mobile_padding_top=&#8221;150&#8243;][\/vc_column][vc_column disable_custom_paddings_tablet=&#8221;true&#8221; disable_custom_paddings_mobile=&#8221;true&#8221; css=&#8221;.vc_custom_1581684124919{padding-right: 40px !important;padding-left: 60px !important;}&#8221; offset=&#8221;vc_col-lg-6 vc_col-md-6&#8243;]<div class=\"clearboth\"><\/div><style>#thegem-divider-69e25fc39d972 {margin-top: 80px !important;}@media screen and (max-width: 767px) {#thegem-divider-69e25fc39d972 {margin-top: 30px !important;}}<\/style><div id=\"thegem-divider-69e25fc39d972\" class=\"gem-divider  \" style=\"\" ><\/div>[vc_column_text css_animation=&#8221;bottom-to-top&#8221;]<\/p>\n<div class=\"title-h6\">\n<p>Basen SWIM-SPA mo\u017ce by\u0107 postawiony bezpo\u015brednio na gruncie lub posadzce, jako urz\u0105dzenie wolnostoj\u0105ce, albo te\u017c cz\u0119\u015bciowo lub ca\u0142kowicie w nich zag\u0142\u0119biony (po wcze\u015bniejszym przygotowaniu pomieszczenia). To idealne rozwi\u0105zanie dla os\u00f3b, kt\u00f3re chcia\u0142yby w pe\u0142ni odczu\u0107 przyjemno\u015b\u0107 z p\u0142ywania, ale nie dysponuj\u0105 zbyt du\u017c\u0105 powierzchni\u0105. Z basenu mo\u017cna korzysta\u0107 bez \u017cadnych ogranicze\u0144 przez okr\u0105g\u0142y rok, r\u00f3wnie\u017c w przypadku instalacji na zewn\u0105trz.<\/p>\n<p>Zestaw jest kompletnie wyposa\u017cony w systemy do hydromasa\u017cu, dezynfekcji i podgrzewania wody. Pokrywa termiczna dostarczana z basenem stanowi dodatkowo zabezpieczenie przed wszelkimi zanieczyszczeniami \u2013 li\u015b\u0107mi, kurzem, itp.<\/p>\n<\/div>\n<p>[\/vc_column_text]<div class=\"clearboth\"><\/div><style>#thegem-divider-69e25fc39d996 {margin-top: 80px !important;}@media screen and (max-width: 767px) {#thegem-divider-69e25fc39d996 {display: none;}}<\/style><div id=\"thegem-divider-69e25fc39d996\" class=\"gem-divider  \" style=\"\" ><\/div>[\/vc_column][\/vc_row]<\/p>\n<\/section>","protected":false},"excerpt":{"rendered":"<p>[vc_row css=&#8221;.vc_custom_1694616881730{margin-top: -100px !important;}&#8221;][vc_column][vc_text_separator title_level=&#8221;h3&#8243; title=&#8221;Rado\u015b\u0107 z p\u0142ywania przy ograniczonej przestrzeni&#8221; css_animation=&#8221;fadeInUp&#8221;][\/vc_column][\/vc_row][vc_row full_width=&#8221;stretch_row_content&#8221; equal_height=&#8221;yes&#8221; content_placement=&#8221;middle&#8221; thegem_revesrse_columns_mobile=&#8221;true&#8221; css=&#8221;.vc_custom_1694705197131{margin-bottom: 0px !important;}&#8221; mobile_margin_top=&#8221;-20&#8243;][vc_column&#8230;<\/p>\n","protected":false},"author":5,"featured_media":26230,"parent":0,"menu_order":0,"comment_status":"closed","ping_status":"closed","template":"","meta":{"footnotes":""},"class_list":["post-24771","page","type-page","status-publish","has-post-thumbnail"],"yoast_head":"<!-- This site is optimized with the Yoast SEO plugin v21.2 - https:\/\/yoast.com\/wordpress\/plugins\/seo\/ -->\n<title>Mini Baseny SwimSPA - Przyk\u0142adowa strona<\/title>\n<meta name=\"description\" content=\"Minibaseny SWIM SPA to przede wszystkim p\u0142ywanie \u2013 intensywne b\u0105d\u017a spokojne, przy ograniczonej powierzchni basenu,\" \/>\n<meta name=\"robots\" content=\"index, follow, max-snippet:-1, max-image-preview:large, max-video-preview:-1\" \/>\n<link rel=\"canonical\" href=\"https:\/\/aquatic.pl\/index.php\/minibaseny-swimspa\/\" \/>\n<meta property=\"og:locale\" content=\"pl_PL\" \/>\n<meta property=\"og:type\" content=\"article\" \/>\n<meta property=\"og:title\" content=\"Mini Baseny SwimSPA - Przyk\u0142adowa strona\" \/>\n<meta property=\"og:description\" content=\"Minibaseny SWIM SPA to przede wszystkim p\u0142ywanie \u2013 intensywne b\u0105d\u017a spokojne, przy ograniczonej powierzchni basenu,\" \/>\n<meta property=\"og:url\" content=\"https:\/\/aquatic.pl\/index.php\/minibaseny-swimspa\/\" \/>\n<meta property=\"og:site_name\" content=\"Przyk\u0142adowa strona\" \/>\n<meta property=\"article:modified_time\" content=\"2023-10-05T08:07:27+00:00\" \/>\n<meta property=\"og:image\" content=\"https:\/\/aquatic.pl\/wp-content\/uploads\/2020\/04\/Projekt-bez-nazwy-2023-09-11T125323.131.png\" \/>\n\t<meta property=\"og:image:width\" content=\"800\" \/>\n\t<meta property=\"og:image:height\" content=\"600\" \/>\n\t<meta property=\"og:image:type\" content=\"image\/png\" \/>\n<meta name=\"twitter:card\" content=\"summary_large_image\" \/>\n<meta name=\"twitter:label1\" content=\"Szacowany czas czytania\" \/>\n\t<meta name=\"twitter:data1\" content=\"2 minuty\" \/>\n<script type=\"application\/ld+json\" class=\"yoast-schema-graph\">{\"@context\":\"https:\/\/schema.org\",\"@graph\":[{\"@type\":\"WebPage\",\"@id\":\"https:\/\/aquatic.pl\/index.php\/minibaseny-swimspa\/\",\"url\":\"https:\/\/aquatic.pl\/index.php\/minibaseny-swimspa\/\",\"name\":\"Mini Baseny SwimSPA - Przyk\u0142adowa strona\",\"isPartOf\":{\"@id\":\"https:\/\/aquatic.pl\/#website\"},\"datePublished\":\"2018-11-05T09:39:19+00:00\",\"dateModified\":\"2023-10-05T08:07:27+00:00\",\"description\":\"Minibaseny SWIM SPA to przede wszystkim p\u0142ywanie \u2013 intensywne b\u0105d\u017a spokojne, przy ograniczonej powierzchni basenu,\",\"breadcrumb\":{\"@id\":\"https:\/\/aquatic.pl\/index.php\/minibaseny-swimspa\/#breadcrumb\"},\"inLanguage\":\"pl-PL\",\"potentialAction\":[{\"@type\":\"ReadAction\",\"target\":[\"https:\/\/aquatic.pl\/index.php\/minibaseny-swimspa\/\"]}]},{\"@type\":\"BreadcrumbList\",\"@id\":\"https:\/\/aquatic.pl\/index.php\/minibaseny-swimspa\/#breadcrumb\",\"itemListElement\":[{\"@type\":\"ListItem\",\"position\":1,\"name\":\"Strona g\u0142\u00f3wna\",\"item\":\"https:\/\/aquatic.pl\/\"},{\"@type\":\"ListItem\",\"position\":2,\"name\":\"Mini Baseny SwimSPA\"}]},{\"@type\":\"WebSite\",\"@id\":\"https:\/\/aquatic.pl\/#website\",\"url\":\"https:\/\/aquatic.pl\/\",\"name\":\"Przyk\u0142adowa strona\",\"description\":\"Kolejna witryna oparta na WordPressie\",\"potentialAction\":[{\"@type\":\"SearchAction\",\"target\":{\"@type\":\"EntryPoint\",\"urlTemplate\":\"https:\/\/aquatic.pl\/?s={search_term_string}\"},\"query-input\":\"required name=search_term_string\"}],\"inLanguage\":\"pl-PL\"}]}<\/script>\n<!-- \/ Yoast SEO plugin. -->","yoast_head_json":{"title":"Mini Baseny SwimSPA - Przyk\u0142adowa strona","description":"Minibaseny SWIM SPA to przede wszystkim p\u0142ywanie \u2013 intensywne b\u0105d\u017a spokojne, przy ograniczonej powierzchni basenu,","robots":{"index":"index","follow":"follow","max-snippet":"max-snippet:-1","max-image-preview":"max-image-preview:large","max-video-preview":"max-video-preview:-1"},"canonical":"https:\/\/aquatic.pl\/index.php\/minibaseny-swimspa\/","og_locale":"pl_PL","og_type":"article","og_title":"Mini Baseny SwimSPA - Przyk\u0142adowa strona","og_description":"Minibaseny SWIM SPA to przede wszystkim p\u0142ywanie \u2013 intensywne b\u0105d\u017a spokojne, przy ograniczonej powierzchni basenu,","og_url":"https:\/\/aquatic.pl\/index.php\/minibaseny-swimspa\/","og_site_name":"Przyk\u0142adowa strona","article_modified_time":"2023-10-05T08:07:27+00:00","og_image":[{"width":800,"height":600,"url":"https:\/\/aquatic.pl\/wp-content\/uploads\/2020\/04\/Projekt-bez-nazwy-2023-09-11T125323.131.png","type":"image\/png"}],"twitter_card":"summary_large_image","twitter_misc":{"Szacowany czas czytania":"2 minuty"},"schema":{"@context":"https:\/\/schema.org","@graph":[{"@type":"WebPage","@id":"https:\/\/aquatic.pl\/index.php\/minibaseny-swimspa\/","url":"https:\/\/aquatic.pl\/index.php\/minibaseny-swimspa\/","name":"Mini Baseny SwimSPA - Przyk\u0142adowa strona","isPartOf":{"@id":"https:\/\/aquatic.pl\/#website"},"datePublished":"2018-11-05T09:39:19+00:00","dateModified":"2023-10-05T08:07:27+00:00","description":"Minibaseny SWIM SPA to przede wszystkim p\u0142ywanie \u2013 intensywne b\u0105d\u017a spokojne, przy ograniczonej powierzchni basenu,","breadcrumb":{"@id":"https:\/\/aquatic.pl\/index.php\/minibaseny-swimspa\/#breadcrumb"},"inLanguage":"pl-PL","potentialAction":[{"@type":"ReadAction","target":["https:\/\/aquatic.pl\/index.php\/minibaseny-swimspa\/"]}]},{"@type":"BreadcrumbList","@id":"https:\/\/aquatic.pl\/index.php\/minibaseny-swimspa\/#breadcrumb","itemListElement":[{"@type":"ListItem","position":1,"name":"Strona g\u0142\u00f3wna","item":"https:\/\/aquatic.pl\/"},{"@type":"ListItem","position":2,"name":"Mini Baseny SwimSPA"}]},{"@type":"WebSite","@id":"https:\/\/aquatic.pl\/#website","url":"https:\/\/aquatic.pl\/","name":"Przyk\u0142adowa strona","description":"Kolejna witryna oparta na WordPressie","potentialAction":[{"@type":"SearchAction","target":{"@type":"EntryPoint","urlTemplate":"https:\/\/aquatic.pl\/?s={search_term_string}"},"query-input":"required name=search_term_string"}],"inLanguage":"pl-PL"}]}},"_links":{"self":[{"href":"https:\/\/aquatic.pl\/index.php\/wp-json\/wp\/v2\/pages\/24771","targetHints":{"allow":["GET"]}}],"collection":[{"href":"https:\/\/aquatic.pl\/index.php\/wp-json\/wp\/v2\/pages"}],"about":[{"href":"https:\/\/aquatic.pl\/index.php\/wp-json\/wp\/v2\/types\/page"}],"author":[{"embeddable":true,"href":"https:\/\/aquatic.pl\/index.php\/wp-json\/wp\/v2\/users\/5"}],"replies":[{"embeddable":true,"href":"https:\/\/aquatic.pl\/index.php\/wp-json\/wp\/v2\/comments?post=24771"}],"version-history":[{"count":34,"href":"https:\/\/aquatic.pl\/index.php\/wp-json\/wp\/v2\/pages\/24771\/revisions"}],"predecessor-version":[{"id":26580,"href":"https:\/\/aquatic.pl\/index.php\/wp-json\/wp\/v2\/pages\/24771\/revisions\/26580"}],"wp:featuredmedia":[{"embeddable":true,"href":"https:\/\/aquatic.pl\/index.php\/wp-json\/wp\/v2\/media\/26230"}],"wp:attachment":[{"href":"https:\/\/aquatic.pl\/index.php\/wp-json\/wp\/v2\/media?parent=24771"}],"curies":[{"name":"wp","href":"https:\/\/api.w.org\/{rel}","templated":true}]}}